{"id":601,"date":"2025-08-15T09:49:06","date_gmt":"2025-08-15T09:49:06","guid":{"rendered":"https:\/\/nicolasrichard.com\/?page_id=601"},"modified":"2026-02-27T16:31:14","modified_gmt":"2026-02-27T16:31:14","slug":"collaborations-artistiques-2","status":"publish","type":"page","link":"https:\/\/nicolasrichard.com\/index.php\/collaborations-artistiques-2\/","title":{"rendered":"Collaborations"},"content":{"rendered":"\t\t<div data-elementor-type=\"wp-page\" data-elementor-id=\"601\" class=\"elementor elementor-601\">\n\t\t\t\t<div class=\"elementor-element elementor-element-4272e42 e-flex e-con-boxed e-con e-parent\" data-id=\"4272e42\" data-element_type=\"container\" data-e-type=\"container\">\n\t\t\t\t\t<div class=\"e-con-inner\">\n\t\t<div class=\"elementor-element elementor-element-39b8a65 e-con-full e-flex e-con e-child\" data-id=\"39b8a65\" data-element_type=\"container\" data-e-type=\"container\">\n\t\t\t\t<div class=\"elementor-element elementor-element-e3917c0 elementor-widget elementor-widget-image\" data-id=\"e3917c0\" data-element_type=\"widget\" data-e-type=\"widget\" data-widget_type=\"image.default\">\n\t\t\t\t\t\t\t\t\t\t\t\t\t\t\t<img fetchpriority=\"high\" decoding=\"async\" width=\"800\" height=\"600\" src=\"https:\/\/nicolasrichard.com\/wp-content\/uploads\/2025\/08\/P3180008_1-1024x768.jpg\" class=\"attachment-large size-large wp-image-496\" alt=\"Olympus digital camera\" srcset=\"https:\/\/nicolasrichard.com\/wp-content\/uploads\/2025\/08\/P3180008_1-1024x768.jpg 1024w, https:\/\/nicolasrichard.com\/wp-content\/uploads\/2025\/08\/P3180008_1-300x225.jpg 300w, https:\/\/nicolasrichard.com\/wp-content\/uploads\/2025\/08\/P3180008_1-768x576.jpg 768w, https:\/\/nicolasrichard.com\/wp-content\/uploads\/2025\/08\/P3180008_1-1536x1152.jpg 1536w, https:\/\/nicolasrichard.com\/wp-content\/uploads\/2025\/08\/P3180008_1-2048x1536.jpg 2048w\" sizes=\"(max-width: 800px) 100vw, 800px\" \/>\t\t\t\t\t\t\t\t\t\t\t\t\t\t\t<\/div>\n\t\t\t\t<div class=\"elementor-element elementor-element-e6b25f5 elementor-widget elementor-widget-heading\" data-id=\"e6b25f5\" data-element_type=\"widget\" data-e-type=\"widget\" data-widget_type=\"heading.default\">\n\t\t\t\t\t<h2 class=\"elementor-heading-title elementor-size-default\">R\u00e9alisateurs Producteurs<\/h2>\t\t\t\t<\/div>\n\t\t\t\t<div class=\"elementor-element elementor-element-43dde7b elementor-widget elementor-widget-text-editor\" data-id=\"43dde7b\" data-element_type=\"widget\" data-e-type=\"widget\" data-widget_type=\"text-editor.default\">\n\t\t\t\t\t\t\t\t\tChaque collaboration avec un r\u00e9alisateur ou un producteur est d\u2019abord une rencontre humaine et artistique, un espace d\u2019\u00e9change, o\u00f9 les id\u00e9es circulent et s\u2019enrichissent mutuellement. Ces exp\u00e9riences m\u2019ont appris \u00e0 \u00e9couter, \u00e0 m\u2019adapter, et \u00e0 tirer le meilleur de chaque projet gr\u00e2ce \u00e0 la vision et \u00e0 l\u2019exigence des producteurs avec lesquels j\u2019ai travaill\u00e9.\t\t\t\t\t\t\t\t<\/div>\n\t\t\t\t<div class=\"elementor-element elementor-element-d6b4f4a elementor-widget elementor-widget-image-carousel\" data-id=\"d6b4f4a\" data-element_type=\"widget\" data-e-type=\"widget\" data-settings=\"{&quot;navigation&quot;:&quot;none&quot;,&quot;autoplay_speed&quot;:2000,&quot;slides_to_show_mobile&quot;:&quot;3&quot;,&quot;autoplay&quot;:&quot;yes&quot;,&quot;infinite&quot;:&quot;yes&quot;,&quot;speed&quot;:500}\" data-widget_type=\"image-carousel.default\">\n\t\t\t\t\t\t\t<div class=\"elementor-image-carousel-wrapper swiper\" role=\"region\" aria-roledescription=\"carousel\" aria-label=\"Carrousel d\u2019images\" dir=\"ltr\">\n\t\t\t<div class=\"elementor-image-carousel swiper-wrapper\" aria-live=\"off\">\n\t\t\t\t\t\t\t\t<div class=\"swiper-slide\" role=\"group\" aria-roledescription=\"slide\" aria-label=\"1 sur 5\"><figure class=\"swiper-slide-inner\"><img decoding=\"async\" class=\"swiper-slide-image\" src=\"https:\/\/nicolasrichard.com\/wp-content\/uploads\/2025\/08\/chaplin-dvd-150x150.jpeg\" alt=\"Chaplin dvd\" \/><\/figure><\/div><div class=\"swiper-slide\" role=\"group\" aria-roledescription=\"slide\" aria-label=\"2 sur 5\"><figure class=\"swiper-slide-inner\"><img decoding=\"async\" class=\"swiper-slide-image\" src=\"https:\/\/nicolasrichard.com\/wp-content\/uploads\/2025\/08\/Ca-cartoon-dvd-150x150.jpg\" alt=\"Ca cartoon dvd\" \/><\/figure><\/div><div class=\"swiper-slide\" role=\"group\" aria-roledescription=\"slide\" aria-label=\"3 sur 5\"><figure class=\"swiper-slide-inner\"><img decoding=\"async\" class=\"swiper-slide-image\" src=\"https:\/\/nicolasrichard.com\/wp-content\/uploads\/2025\/08\/tfou-compil-150x150.jpg\" alt=\"Tfou compil\" \/><\/figure><\/div><div class=\"swiper-slide\" role=\"group\" aria-roledescription=\"slide\" aria-label=\"4 sur 5\"><figure class=\"swiper-slide-inner\"><img decoding=\"async\" class=\"swiper-slide-image\" src=\"https:\/\/nicolasrichard.com\/wp-content\/uploads\/2025\/08\/Roccoco-cd-150x150.jpg\" alt=\"Roccoco cd\" \/><\/figure><\/div><div class=\"swiper-slide\" role=\"group\" aria-roledescription=\"slide\" aria-label=\"5 sur 5\"><figure class=\"swiper-slide-inner\"><img decoding=\"async\" class=\"swiper-slide-image\" src=\"https:\/\/nicolasrichard.com\/wp-content\/uploads\/2025\/08\/Elsa-album-150x150.jpg\" alt=\"Elsa album\" \/><\/figure><\/div>\t\t\t<\/div>\n\t\t\t\t\t\t\t\n\t\t\t\t\t\t\t\t\t<\/div>\n\t\t\t\t\t\t<\/div>\n\t\t\t\t<\/div>\n\t\t<div class=\"elementor-element elementor-element-af7942a e-con-full e-flex e-con e-child\" data-id=\"af7942a\" data-element_type=\"container\" data-e-type=\"container\">\n\t\t\t\t<div class=\"elementor-element elementor-element-68d497b elementor-widget elementor-widget-image\" data-id=\"68d497b\" data-element_type=\"widget\" data-e-type=\"widget\" data-widget_type=\"image.default\">\n\t\t\t\t\t\t\t\t\t\t\t\t\t\t\t<img decoding=\"async\" width=\"691\" height=\"518\" src=\"https:\/\/nicolasrichard.com\/wp-content\/uploads\/2025\/08\/travail-studio-david-2.jpeg\" class=\"attachment-large size-large wp-image-1079\" alt=\"Travail studio david 2\" srcset=\"https:\/\/nicolasrichard.com\/wp-content\/uploads\/2025\/08\/travail-studio-david-2.jpeg 691w, https:\/\/nicolasrichard.com\/wp-content\/uploads\/2025\/08\/travail-studio-david-2-300x225.jpeg 300w\" sizes=\"(max-width: 691px) 100vw, 691px\" \/>\t\t\t\t\t\t\t\t\t\t\t\t\t\t\t<\/div>\n\t\t\t\t<div class=\"elementor-element elementor-element-7959ea5 elementor-widget elementor-widget-heading\" data-id=\"7959ea5\" data-element_type=\"widget\" data-e-type=\"widget\" data-widget_type=\"heading.default\">\n\t\t\t\t\t<h2 class=\"elementor-heading-title elementor-size-default\">Artistes interpr\u00e8tes<\/h2>\t\t\t\t<\/div>\n\t\t\t\t<div class=\"elementor-element elementor-element-1a04545 elementor-widget elementor-widget-text-editor\" data-id=\"1a04545\" data-element_type=\"widget\" data-e-type=\"widget\" data-widget_type=\"text-editor.default\">\n\t\t\t\t\t\t\t\t\t\u00ab Chacun a une mani\u00e8re unique d\u2019habiter la musique et les \u00e9motions. Composer pour une voix, c\u2019est imaginer un \u00e9crin qui en r\u00e9v\u00e8le la singularit\u00e9.\u00a0Ces collaborations ont \u00e9t\u00e9 autant d\u2019occasions\u00a0 de chercher la couleur juste, le son qui sublime une personnalit\u00e9. \t\t\t\t\t\t\t\t<\/div>\n\t\t\t\t<div class=\"elementor-element elementor-element-e6a313a elementor-widget elementor-widget-image-carousel\" data-id=\"e6a313a\" data-element_type=\"widget\" data-e-type=\"widget\" data-settings=\"{&quot;navigation&quot;:&quot;none&quot;,&quot;autoplay_speed&quot;:2000,&quot;slides_to_show_mobile&quot;:&quot;3&quot;,&quot;autoplay&quot;:&quot;yes&quot;,&quot;infinite&quot;:&quot;yes&quot;,&quot;speed&quot;:500}\" data-widget_type=\"image-carousel.default\">\n\t\t\t\t\t\t\t<div class=\"elementor-image-carousel-wrapper swiper\" role=\"region\" aria-roledescription=\"carousel\" aria-label=\"Carrousel d\u2019images\" dir=\"ltr\">\n\t\t\t<div class=\"elementor-image-carousel swiper-wrapper\" aria-live=\"off\">\n\t\t\t\t\t\t\t\t<div class=\"swiper-slide\" role=\"group\" aria-roledescription=\"slide\" aria-label=\"1 sur 5\"><figure class=\"swiper-slide-inner\"><img decoding=\"async\" class=\"swiper-slide-image\" src=\"https:\/\/nicolasrichard.com\/wp-content\/uploads\/2025\/08\/Capture-decran-2025-08-14-a-23.27.53-150x150.jpg\" alt=\"Screenshot\" \/><\/figure><\/div><div class=\"swiper-slide\" role=\"group\" aria-roledescription=\"slide\" aria-label=\"2 sur 5\"><figure class=\"swiper-slide-inner\"><img decoding=\"async\" class=\"swiper-slide-image\" src=\"https:\/\/nicolasrichard.com\/wp-content\/uploads\/2025\/08\/davis-Soul-studio-Davout-1996-150x150.jpg\" alt=\"Davis soul studio davout 1996\" \/><\/figure><\/div><div class=\"swiper-slide\" role=\"group\" aria-roledescription=\"slide\" aria-label=\"3 sur 5\"><figure class=\"swiper-slide-inner\"><img decoding=\"async\" class=\"swiper-slide-image\" src=\"https:\/\/nicolasrichard.com\/wp-content\/uploads\/2025\/08\/polar-scan0203_1-150x150.jpg\" alt=\"Polar scan0203 1\" \/><\/figure><\/div><div class=\"swiper-slide\" role=\"group\" aria-roledescription=\"slide\" aria-label=\"4 sur 5\"><figure class=\"swiper-slide-inner\"><img decoding=\"async\" class=\"swiper-slide-image\" src=\"https:\/\/nicolasrichard.com\/wp-content\/uploads\/2025\/08\/photo-scannee-old026-150x150.jpg\" alt=\"Photo scanne\u0301e old026\" \/><\/figure><\/div><div class=\"swiper-slide\" role=\"group\" aria-roledescription=\"slide\" aria-label=\"5 sur 5\"><figure class=\"swiper-slide-inner\"><img decoding=\"async\" class=\"swiper-slide-image\" src=\"https:\/\/nicolasrichard.com\/wp-content\/uploads\/2025\/08\/P3180008_1-150x150.jpg\" alt=\"Olympus digital camera\" \/><\/figure><\/div>\t\t\t<\/div>\n\t\t\t\t\t\t\t\n\t\t\t\t\t\t\t\t\t<\/div>\n\t\t\t\t\t\t<\/div>\n\t\t\t\t<\/div>\n\t\t<div class=\"elementor-element elementor-element-bf21fe0 e-con-full e-flex e-con e-child\" data-id=\"bf21fe0\" data-element_type=\"container\" data-e-type=\"container\">\n\t\t\t\t<div class=\"elementor-element elementor-element-4b1aac8 elementor-widget elementor-widget-image\" data-id=\"4b1aac8\" data-element_type=\"widget\" data-e-type=\"widget\" data-widget_type=\"image.default\">\n\t\t\t\t\t\t\t\t\t\t\t\t\t\t\t<img decoding=\"async\" width=\"232\" height=\"232\" src=\"https:\/\/nicolasrichard.com\/wp-content\/uploads\/2025\/09\/marcel-agnes.jpg\" class=\"attachment-large size-large wp-image-1333\" alt=\"Marcel agne\u0300s\" srcset=\"https:\/\/nicolasrichard.com\/wp-content\/uploads\/2025\/09\/marcel-agnes.jpg 232w, https:\/\/nicolasrichard.com\/wp-content\/uploads\/2025\/09\/marcel-agnes-150x150.jpg 150w, https:\/\/nicolasrichard.com\/wp-content\/uploads\/2025\/09\/marcel-agnes-111x111.jpg 111w\" sizes=\"(max-width: 232px) 100vw, 232px\" \/>\t\t\t\t\t\t\t\t\t\t\t\t\t\t\t<\/div>\n\t\t\t\t<div class=\"elementor-element elementor-element-b06a9d9 elementor-widget elementor-widget-heading\" data-id=\"b06a9d9\" data-element_type=\"widget\" data-e-type=\"widget\" data-widget_type=\"heading.default\">\n\t\t\t\t\t<h2 class=\"elementor-heading-title elementor-size-default\">Auteurs paroliers<\/h2>\t\t\t\t<\/div>\n\t\t\t\t<div class=\"elementor-element elementor-element-378a9b0 elementor-widget elementor-widget-text-editor\" data-id=\"378a9b0\" data-element_type=\"widget\" data-e-type=\"widget\" data-widget_type=\"text-editor.default\">\n\t\t\t\t\t\t\t\t\tQuand les mots deviennent m\u00e9lodie : avec les auteurs et paroliers, la collaboration est un dialogue intime entre texte et musique.J\u2019ai eu le privil\u00e8ge de mettre en musique les mots de Jacques Lanzmann, Jean Fauque, R\u00e9gis Jauffret ou Fr\u00e9d\u00e9ric Brun.\t\t\t\t\t\t\t\t<\/div>\n\t\t\t\t<div class=\"elementor-element elementor-element-3301888 elementor-widget elementor-widget-image-carousel\" data-id=\"3301888\" data-element_type=\"widget\" data-e-type=\"widget\" data-settings=\"{&quot;slides_to_show&quot;:&quot;3&quot;,&quot;navigation&quot;:&quot;none&quot;,&quot;autoplay_speed&quot;:2000,&quot;slides_to_show_mobile&quot;:&quot;3&quot;,&quot;autoplay&quot;:&quot;yes&quot;,&quot;infinite&quot;:&quot;yes&quot;,&quot;speed&quot;:500}\" data-widget_type=\"image-carousel.default\">\n\t\t\t\t\t\t\t<div class=\"elementor-image-carousel-wrapper swiper\" role=\"region\" aria-roledescription=\"carousel\" aria-label=\"Carrousel d\u2019images\" dir=\"ltr\">\n\t\t\t<div class=\"elementor-image-carousel swiper-wrapper\" aria-live=\"off\">\n\t\t\t\t\t\t\t\t<div class=\"swiper-slide\" role=\"group\" aria-roledescription=\"slide\" aria-label=\"1 sur 6\"><figure class=\"swiper-slide-inner\"><img decoding=\"async\" class=\"swiper-slide-image\" src=\"https:\/\/nicolasrichard.com\/wp-content\/uploads\/2025\/08\/Capture-decran-2025-08-14-a-23.25.55-150x150.jpg\" alt=\"Screenshot\" \/><\/figure><\/div><div class=\"swiper-slide\" role=\"group\" aria-roledescription=\"slide\" aria-label=\"2 sur 6\"><figure class=\"swiper-slide-inner\"><img decoding=\"async\" class=\"swiper-slide-image\" src=\"https:\/\/nicolasrichard.com\/wp-content\/uploads\/2025\/08\/David-Soul-Suisse-1996-150x150.jpg\" alt=\"David soul suisse 1996\" \/><\/figure><\/div><div class=\"swiper-slide\" role=\"group\" aria-roledescription=\"slide\" aria-label=\"3 sur 6\"><figure class=\"swiper-slide-inner\"><img decoding=\"async\" class=\"swiper-slide-image\" src=\"https:\/\/nicolasrichard.com\/wp-content\/uploads\/2025\/08\/marcel-150x150.jpg\" alt=\"Marcel\" \/><\/figure><\/div><div class=\"swiper-slide\" role=\"group\" aria-roledescription=\"slide\" aria-label=\"4 sur 6\"><figure class=\"swiper-slide-inner\"><img decoding=\"async\" class=\"swiper-slide-image\" src=\"https:\/\/nicolasrichard.com\/wp-content\/uploads\/2025\/08\/DUEL-500x500-1-150x150.jpg\" alt=\"Duel 500x500\" \/><\/figure><\/div><div class=\"swiper-slide\" role=\"group\" aria-roledescription=\"slide\" aria-label=\"5 sur 6\"><figure class=\"swiper-slide-inner\"><img decoding=\"async\" class=\"swiper-slide-image\" src=\"https:\/\/nicolasrichard.com\/wp-content\/uploads\/2025\/08\/DSCN0775_2-150x150.jpg\" alt=\"Dscn0775 2\" \/><\/figure><\/div><div class=\"swiper-slide\" role=\"group\" aria-roledescription=\"slide\" aria-label=\"6 sur 6\"><figure class=\"swiper-slide-inner\"><img decoding=\"async\" class=\"swiper-slide-image\" src=\"https:\/\/nicolasrichard.com\/wp-content\/uploads\/2025\/08\/davis-Soul-studio-Davout-1996-150x150.jpg\" alt=\"Davis soul studio davout 1996\" \/><\/figure><\/div>\t\t\t<\/div>\n\t\t\t\t\t\t\t\n\t\t\t\t\t\t\t\t\t<\/div>\n\t\t\t\t\t\t<\/div>\n\t\t\t\t<\/div>\n\t\t\t\t\t<\/div>\n\t\t\t\t<\/div>\n\t\t\t\t<\/div>\n\t\t","protected":false},"excerpt":{"rendered":"<p>R\u00e9alisateurs Producteurs Chaque collaboration avec un r\u00e9alisateur ou un producteur est d\u2019abord une rencontre humaine et artistique, un espace d\u2019\u00e9change, o\u00f9 les id\u00e9es circulent et s\u2019enrichissent mutuellement. Ces exp\u00e9riences m\u2019ont appris \u00e0 \u00e9couter, \u00e0 m\u2019adapter, et \u00e0 tirer le meilleur de chaque projet gr\u00e2ce \u00e0 la vision et \u00e0 l\u2019exigence des producteurs avec lesquels j\u2019ai [&hellip;]<\/p>\n","protected":false},"author":1,"featured_media":0,"parent":0,"menu_order":0,"comment_status":"closed","ping_status":"closed","template":"elementor_header_footer","meta":{"slim_seo":{"title":"dupliqu\u00e9 pour resservir albums","description":"R\u00e9alisateurs Producteurs Chaque collaboration avec un r\u00e9alisateur ou un producteur est d\u2019abord une rencontre humaine et artistique, un espace d\u2019\u00e9change, o\u00f9 les"},"footnotes":""},"class_list":["post-601","page","type-page","status-publish","hentry"],"_links":{"self":[{"href":"https:\/\/nicolasrichard.com\/index.php\/wp-json\/wp\/v2\/pages\/601","targetHints":{"allow":["GET"]}}],"collection":[{"href":"https:\/\/nicolasrichard.com\/index.php\/wp-json\/wp\/v2\/pages"}],"about":[{"href":"https:\/\/nicolasrichard.com\/index.php\/wp-json\/wp\/v2\/types\/page"}],"author":[{"embeddable":true,"href":"https:\/\/nicolasrichard.com\/index.php\/wp-json\/wp\/v2\/users\/1"}],"replies":[{"embeddable":true,"href":"https:\/\/nicolasrichard.com\/index.php\/wp-json\/wp\/v2\/comments?post=601"}],"version-history":[{"count":74,"href":"https:\/\/nicolasrichard.com\/index.php\/wp-json\/wp\/v2\/pages\/601\/revisions"}],"predecessor-version":[{"id":1980,"href":"https:\/\/nicolasrichard.com\/index.php\/wp-json\/wp\/v2\/pages\/601\/revisions\/1980"}],"wp:attachment":[{"href":"https:\/\/nicolasrichard.com\/index.php\/wp-json\/wp\/v2\/media?parent=601"}],"curies":[{"name":"wp","href":"https:\/\/api.w.org\/{rel}","templated":true}]}}