{"id":1122,"date":"2025-08-21T13:22:04","date_gmt":"2025-08-21T13:22:04","guid":{"rendered":"https:\/\/nicolasrichard.com\/?page_id=1122"},"modified":"2026-03-27T10:24:48","modified_gmt":"2026-03-27T10:24:48","slug":"accueil-test-carrousel","status":"publish","type":"page","link":"https:\/\/nicolasrichard.com\/","title":{"rendered":"Accueil \u2013 Test Carrousel."},"content":{"rendered":"\t\t<div data-elementor-type=\"wp-page\" data-elementor-id=\"1122\" class=\"elementor elementor-1122\">\n\t\t\t\t<div class=\"elementor-element elementor-element-51b9ea4 e-flex e-con-boxed e-con e-parent\" data-id=\"51b9ea4\" data-element_type=\"container\" data-e-type=\"container\" data-settings=\"{&quot;background_background&quot;:&quot;video&quot;,&quot;background_video_link&quot;:&quot;https:\\\/\\\/nicolasrichard.com\\\/wp-content\\\/uploads\\\/2026\\\/02\\\/mixkit-retro-audio-tape-recorder-in-motion-424-hd-ready.mp4&quot;,&quot;background_play_on_mobile&quot;:&quot;yes&quot;}\">\n\t\t\t\t\t<div class=\"e-con-inner\">\n\t\t<div class=\"elementor-background-video-container\">\n\t\t\t\t\t\t\t<video class=\"elementor-background-video-hosted\" role=\"presentation\" autoplay muted playsinline loop><\/video>\n\t\t\t\t\t<\/div><div class=\"elementor-element elementor-element-49af5b1 e-con-full e-flex e-con e-child\" data-id=\"49af5b1\" data-element_type=\"container\" data-e-type=\"container\">\n\t\t\t\t<div class=\"elementor-element elementor-element-02cb3d6 intro-photo elementor-widget elementor-widget-image\" data-id=\"02cb3d6\" data-element_type=\"widget\" data-e-type=\"widget\" data-widget_type=\"image.default\">\n\t\t\t\t\t\t\t\t\t\t\t\t\t\t\t<img fetchpriority=\"high\" decoding=\"async\" width=\"738\" height=\"1024\" src=\"https:\/\/nicolasrichard.com\/wp-content\/uploads\/2026\/03\/Site-accueil-1-738x1024.jpeg\" class=\"attachment-large size-large wp-image-1983\" alt=\"Site accueil (1)\" srcset=\"https:\/\/nicolasrichard.com\/wp-content\/uploads\/2026\/03\/Site-accueil-1-738x1024.jpeg 738w, https:\/\/nicolasrichard.com\/wp-content\/uploads\/2026\/03\/Site-accueil-1-216x300.jpeg 216w, https:\/\/nicolasrichard.com\/wp-content\/uploads\/2026\/03\/Site-accueil-1-768x1066.jpeg 768w, https:\/\/nicolasrichard.com\/wp-content\/uploads\/2026\/03\/Site-accueil-1-1107x1536.jpeg 1107w, https:\/\/nicolasrichard.com\/wp-content\/uploads\/2026\/03\/Site-accueil-1.jpeg 1223w\" sizes=\"(max-width: 738px) 100vw, 738px\" \/>\t\t\t\t\t\t\t\t\t\t\t\t\t\t\t<\/div>\n\t\t<div class=\"elementor-element elementor-element-f90028f e-con-full e-flex e-con e-child\" data-id=\"f90028f\" data-element_type=\"container\" data-e-type=\"container\">\n\t\t\t\t<div class=\"elementor-element elementor-element-860f747 elementor-widget__width-initial elementor-widget elementor-widget-text-editor\" data-id=\"860f747\" data-element_type=\"widget\" data-e-type=\"widget\" data-widget_type=\"text-editor.default\">\n\t\t\t\t\t\t\t\t\t<p>De la passion de la guitare \u00e0 la r\u00e9alisation, chaque \u00e9tape de mon parcours m\u2019a appris \u00e0 \u00e9couter et \u00e0 chercher le son juste \u2014 celui qui me touche avant tout, et que j\u2019aime partager.<\/p><p>Guid\u00e9 par la la curiosit\u00e9, j\u2019avance de projet en projet avec l&#8217;envie de cr\u00e9er une musique sinc\u00e8re, qui parle d\u2019elle-m\u00eame et touche ceux qui l\u2019\u00e9coutent.<\/p><p>Depuis plus de vingt ans, j\u2019ai compos\u00e9, arrang\u00e9 et r\u00e9alis\u00e9 pour des artistes de renom et des productions audiovisuelles en France et \u00e0 l\u2019international.<\/p><p>Qu\u2019il s\u2019agisse d\u2019un album, d\u2019une bande originale ou d\u2019une musique publicitaire, chaque collaboration est pour moi l\u2019occasion d\u2019allier exigence, sensibilit\u00e9 et plaisir du son.<\/p><p class=\"p1\"><em>&#8220;Une note, un silence, un souffle d\u2019inspiration, c&#8217;est une aventure qui <\/em><em>commence&#8221;<\/em><\/p>\t\t\t\t\t\t\t\t<\/div>\n\t\t\t\t<div class=\"elementor-element elementor-element-a9490dd elementor-widget__width-auto elementor-widget elementor-widget-video\" data-id=\"a9490dd\" data-element_type=\"widget\" data-e-type=\"widget\" data-settings=\"{&quot;video_type&quot;:&quot;hosted&quot;,&quot;loop&quot;:&quot;yes&quot;,&quot;start&quot;:1,&quot;controls&quot;:&quot;yes&quot;}\" data-widget_type=\"video.default\">\n\t\t\t\t\t\t\t<div class=\"e-hosted-video elementor-wrapper elementor-open-inline\">\n\t\t\t\t\t<video class=\"elementor-video\" src=\"https:\/\/nicolasrichard.com\/wp-content\/uploads\/2025\/08\/Showreel-2.mp4#t=1\" loop=\"\" controls=\"\" preload=\"metadata\" controlsList=\"nodownload\"><\/video>\n\t\t\t\t<\/div>\n\t\t\t\t\t\t<\/div>\n\t\t\t\t<\/div>\n\t\t\t\t<\/div>\n\t\t<div class=\"elementor-element elementor-element-9450e56 e-con-full e-flex e-con e-child\" data-id=\"9450e56\" data-element_type=\"container\" data-e-type=\"container\" data-settings=\"{&quot;background_background&quot;:&quot;video&quot;}\">\n\t\t\t\t<div class=\"elementor-element elementor-element-040663d elementor-widget__width-initial elementor-widget elementor-widget-image-carousel\" data-id=\"040663d\" data-element_type=\"widget\" data-e-type=\"widget\" data-settings=\"{&quot;navigation&quot;:&quot;none&quot;,&quot;autoplay_speed&quot;:2000,&quot;autoplay&quot;:&quot;yes&quot;,&quot;infinite&quot;:&quot;yes&quot;,&quot;speed&quot;:500}\" data-widget_type=\"image-carousel.default\">\n\t\t\t\t\t\t\t<div class=\"elementor-image-carousel-wrapper swiper\" role=\"region\" aria-roledescription=\"carousel\" aria-label=\"Carrousel d\u2019images\" dir=\"ltr\">\n\t\t\t<div class=\"elementor-image-carousel swiper-wrapper swiper-image-stretch\" aria-live=\"off\">\n\t\t\t\t\t\t\t\t<div class=\"swiper-slide\" role=\"group\" aria-roledescription=\"slide\" aria-label=\"1 sur 12\"><figure class=\"swiper-slide-inner\"><img decoding=\"async\" class=\"swiper-slide-image\" src=\"https:\/\/nicolasrichard.com\/wp-content\/uploads\/2025\/08\/anahy-2-150x150.jpeg\" alt=\"Anahy 2\" \/><\/figure><\/div><div class=\"swiper-slide\" role=\"group\" aria-roledescription=\"slide\" aria-label=\"2 sur 12\"><figure class=\"swiper-slide-inner\"><img decoding=\"async\" class=\"swiper-slide-image\" src=\"https:\/\/nicolasrichard.com\/wp-content\/uploads\/2025\/08\/pagny-ok-150x150.jpg\" alt=\"Pagny ok\" \/><\/figure><\/div><div class=\"swiper-slide\" role=\"group\" aria-roledescription=\"slide\" aria-label=\"3 sur 12\"><figure class=\"swiper-slide-inner\"><img decoding=\"async\" class=\"swiper-slide-image\" src=\"https:\/\/nicolasrichard.com\/wp-content\/uploads\/2025\/08\/jane-album-150x150.jpg\" alt=\"Jane album\" \/><\/figure><\/div><div class=\"swiper-slide\" role=\"group\" aria-roledescription=\"slide\" aria-label=\"4 sur 12\"><figure class=\"swiper-slide-inner\"><img decoding=\"async\" class=\"swiper-slide-image\" src=\"https:\/\/nicolasrichard.com\/wp-content\/uploads\/2025\/08\/album-elodie-f-150x150.jpg\" alt=\"Album elodie f\" \/><\/figure><\/div><div class=\"swiper-slide\" role=\"group\" aria-roledescription=\"slide\" aria-label=\"5 sur 12\"><figure class=\"swiper-slide-inner\"><img decoding=\"async\" class=\"swiper-slide-image\" src=\"https:\/\/nicolasrichard.com\/wp-content\/uploads\/2025\/08\/marcel-1-150x150.jpg\" alt=\"Marcel\" \/><\/figure><\/div><div class=\"swiper-slide\" role=\"group\" aria-roledescription=\"slide\" aria-label=\"6 sur 12\"><figure class=\"swiper-slide-inner\"><img decoding=\"async\" class=\"swiper-slide-image\" src=\"https:\/\/nicolasrichard.com\/wp-content\/uploads\/2025\/08\/DVD-MIMIE-MATHY-150x150.jpeg\" alt=\"Dvd mimie mathy\" \/><\/figure><\/div><div class=\"swiper-slide\" role=\"group\" aria-roledescription=\"slide\" aria-label=\"7 sur 12\"><figure class=\"swiper-slide-inner\"><img decoding=\"async\" class=\"swiper-slide-image\" src=\"https:\/\/nicolasrichard.com\/wp-content\/uploads\/2025\/08\/hq720-150x150.jpg\" alt=\"Hq720\" \/><\/figure><\/div><div class=\"swiper-slide\" role=\"group\" aria-roledescription=\"slide\" aria-label=\"8 sur 12\"><figure class=\"swiper-slide-inner\"><img decoding=\"async\" class=\"swiper-slide-image\" src=\"https:\/\/nicolasrichard.com\/wp-content\/uploads\/2025\/08\/a-quoi-ca-sert-150x150.jpg\" alt=\"A\u0300 quoi c\u0327a sert\" \/><\/figure><\/div><div class=\"swiper-slide\" role=\"group\" aria-roledescription=\"slide\" aria-label=\"9 sur 12\"><figure class=\"swiper-slide-inner\"><img decoding=\"async\" class=\"swiper-slide-image\" src=\"https:\/\/nicolasrichard.com\/wp-content\/uploads\/2025\/08\/Middle-eastern-travel-150x150.webp\" alt=\"Middle eastern travel\" \/><\/figure><\/div><div class=\"swiper-slide\" role=\"group\" aria-roledescription=\"slide\" aria-label=\"10 sur 12\"><figure class=\"swiper-slide-inner\"><img decoding=\"async\" class=\"swiper-slide-image\" src=\"https:\/\/nicolasrichard.com\/wp-content\/uploads\/2025\/08\/11719165jowel-150x150.jpg\" alt=\"11719165jowel\" \/><\/figure><\/div><div class=\"swiper-slide\" role=\"group\" aria-roledescription=\"slide\" aria-label=\"11 sur 12\"><figure class=\"swiper-slide-inner\"><img decoding=\"async\" class=\"swiper-slide-image\" src=\"https:\/\/nicolasrichard.com\/wp-content\/uploads\/2025\/08\/Electro-Gypsy-150x150.webp\" alt=\"Electro gypsy\" \/><\/figure><\/div><div class=\"swiper-slide\" role=\"group\" aria-roledescription=\"slide\" aria-label=\"12 sur 12\"><figure class=\"swiper-slide-inner\"><img decoding=\"async\" class=\"swiper-slide-image\" src=\"https:\/\/nicolasrichard.com\/wp-content\/uploads\/2025\/08\/La-Tribu-Monchhichi_small-150x150.jpg\" alt=\"La tribu monchhichi small\" \/><\/figure><\/div>\t\t\t<\/div>\n\t\t\t\t\t\t\t\n\t\t\t\t\t\t\t\t\t<\/div>\n\t\t\t\t\t\t<\/div>\n\t\t\t\t<div class=\"elementor-element elementor-element-40d18f6 elementor-widget__width-initial elementor-widget elementor-widget-image-carousel\" data-id=\"40d18f6\" data-element_type=\"widget\" data-e-type=\"widget\" data-settings=\"{&quot;navigation&quot;:&quot;none&quot;,&quot;autoplay_speed&quot;:2000,&quot;autoplay&quot;:&quot;yes&quot;,&quot;infinite&quot;:&quot;yes&quot;,&quot;speed&quot;:500}\" data-widget_type=\"image-carousel.default\">\n\t\t\t\t\t\t\t<div class=\"elementor-image-carousel-wrapper swiper\" role=\"region\" aria-roledescription=\"carousel\" aria-label=\"Carrousel d\u2019images\" dir=\"ltr\">\n\t\t\t<div class=\"elementor-image-carousel swiper-wrapper swiper-image-stretch\" aria-live=\"off\">\n\t\t\t\t\t\t\t\t<div class=\"swiper-slide\" role=\"group\" aria-roledescription=\"slide\" aria-label=\"1 sur 16\"><figure class=\"swiper-slide-inner\"><img decoding=\"async\" class=\"swiper-slide-image\" src=\"https:\/\/nicolasrichard.com\/wp-content\/uploads\/2025\/08\/chaplin-dvd-150x150.jpeg\" alt=\"Chaplin dvd\" \/><\/figure><\/div><div class=\"swiper-slide\" role=\"group\" aria-roledescription=\"slide\" aria-label=\"2 sur 16\"><figure class=\"swiper-slide-inner\"><img decoding=\"async\" class=\"swiper-slide-image\" src=\"https:\/\/nicolasrichard.com\/wp-content\/uploads\/2025\/08\/Ca-cartoon-dvd-150x150.jpg\" alt=\"Ca cartoon dvd\" \/><\/figure><\/div><div class=\"swiper-slide\" role=\"group\" aria-roledescription=\"slide\" aria-label=\"3 sur 16\"><figure class=\"swiper-slide-inner\"><img decoding=\"async\" class=\"swiper-slide-image\" src=\"https:\/\/nicolasrichard.com\/wp-content\/uploads\/2025\/08\/tfou-compil-150x150.jpg\" alt=\"Tfou compil\" \/><\/figure><\/div><div class=\"swiper-slide\" role=\"group\" aria-roledescription=\"slide\" aria-label=\"4 sur 16\"><figure class=\"swiper-slide-inner\"><img decoding=\"async\" class=\"swiper-slide-image\" src=\"https:\/\/nicolasrichard.com\/wp-content\/uploads\/2025\/08\/d60177f4b4c78da5225283dad5f6e06a-150x150.webp\" alt=\"D60177f4b4c78da5225283dad5f6e06a\" \/><\/figure><\/div><div class=\"swiper-slide\" role=\"group\" aria-roledescription=\"slide\" aria-label=\"5 sur 16\"><figure class=\"swiper-slide-inner\"><img decoding=\"async\" class=\"swiper-slide-image\" src=\"https:\/\/nicolasrichard.com\/wp-content\/uploads\/2025\/08\/photo-scannee-old026-150x150.jpg\" alt=\"Photo scanne\u0301e old026\" \/><\/figure><\/div><div class=\"swiper-slide\" role=\"group\" aria-roledescription=\"slide\" aria-label=\"6 sur 16\"><figure class=\"swiper-slide-inner\"><img decoding=\"async\" class=\"swiper-slide-image\" src=\"https:\/\/nicolasrichard.com\/wp-content\/uploads\/2025\/08\/Roccoco-cd-150x150.jpg\" alt=\"Roccoco cd\" \/><\/figure><\/div><div class=\"swiper-slide\" role=\"group\" aria-roledescription=\"slide\" aria-label=\"7 sur 16\"><figure class=\"swiper-slide-inner\"><img decoding=\"async\" class=\"swiper-slide-image\" src=\"https:\/\/nicolasrichard.com\/wp-content\/uploads\/2025\/08\/Elsa-album-150x150.jpg\" alt=\"Elsa album\" \/><\/figure><\/div><div class=\"swiper-slide\" role=\"group\" aria-roledescription=\"slide\" aria-label=\"8 sur 16\"><figure class=\"swiper-slide-inner\"><img decoding=\"async\" class=\"swiper-slide-image\" src=\"https:\/\/nicolasrichard.com\/wp-content\/uploads\/2025\/08\/jo-poch-copie-150x150.jpeg\" alt=\"Jo poch copie\" \/><\/figure><\/div><div class=\"swiper-slide\" role=\"group\" aria-roledescription=\"slide\" aria-label=\"9 sur 16\"><figure class=\"swiper-slide-inner\"><img decoding=\"async\" class=\"swiper-slide-image\" src=\"https:\/\/nicolasrichard.com\/wp-content\/uploads\/2025\/08\/maxresdefault-150x150.jpg\" alt=\"Maxresdefault\" \/><\/figure><\/div><div class=\"swiper-slide\" role=\"group\" aria-roledescription=\"slide\" aria-label=\"10 sur 16\"><figure class=\"swiper-slide-inner\"><img decoding=\"async\" class=\"swiper-slide-image\" src=\"https:\/\/nicolasrichard.com\/wp-content\/uploads\/2025\/08\/1166403050289-150x150.jpg\" alt=\"1166403050289\" \/><\/figure><\/div><div class=\"swiper-slide\" role=\"group\" aria-roledescription=\"slide\" aria-label=\"11 sur 16\"><figure class=\"swiper-slide-inner\"><img decoding=\"async\" class=\"swiper-slide-image\" src=\"https:\/\/nicolasrichard.com\/wp-content\/uploads\/2025\/08\/ca-cartoon-ok-150x150.jpeg\" alt=\"Ca cartoon ok\" \/><\/figure><\/div><div class=\"swiper-slide\" role=\"group\" aria-roledescription=\"slide\" aria-label=\"12 sur 16\"><figure class=\"swiper-slide-inner\"><img decoding=\"async\" class=\"swiper-slide-image\" src=\"https:\/\/nicolasrichard.com\/wp-content\/uploads\/2025\/08\/orangina-4-2-150x150.jpg\" alt=\"Orangina 4 2\" \/><\/figure><\/div><div class=\"swiper-slide\" role=\"group\" aria-roledescription=\"slide\" aria-label=\"13 sur 16\"><figure class=\"swiper-slide-inner\"><img decoding=\"async\" class=\"swiper-slide-image\" src=\"https:\/\/nicolasrichard.com\/wp-content\/uploads\/2025\/08\/Secret-Spy-150x150.webp\" alt=\"Secret spy\" \/><\/figure><\/div><div class=\"swiper-slide\" role=\"group\" aria-roledescription=\"slide\" aria-label=\"14 sur 16\"><figure class=\"swiper-slide-inner\"><img decoding=\"async\" class=\"swiper-slide-image\" src=\"https:\/\/nicolasrichard.com\/wp-content\/uploads\/2025\/10\/B-Pelletier-150x150.jpg\" alt=\"B pelletier\" \/><\/figure><\/div><div class=\"swiper-slide\" role=\"group\" aria-roledescription=\"slide\" aria-label=\"15 sur 16\"><figure class=\"swiper-slide-inner\"><img decoding=\"async\" class=\"swiper-slide-image\" src=\"https:\/\/nicolasrichard.com\/wp-content\/uploads\/2025\/10\/Capture-decran-2025-10-02-a-16.04.25-150x150.jpg\" alt=\"Screenshot\" \/><\/figure><\/div><div class=\"swiper-slide\" role=\"group\" aria-roledescription=\"slide\" aria-label=\"16 sur 16\"><figure class=\"swiper-slide-inner\"><img decoding=\"async\" class=\"swiper-slide-image\" src=\"https:\/\/nicolasrichard.com\/wp-content\/uploads\/2025\/08\/P3180008_1-150x150.jpg\" alt=\"Olympus digital camera\" \/><\/figure><\/div>\t\t\t<\/div>\n\t\t\t\t\t\t\t\n\t\t\t\t\t\t\t\t\t<\/div>\n\t\t\t\t\t\t<\/div>\n\t\t\t\t<\/div>\n\t\t\t\t\t<\/div>\n\t\t\t\t<\/div>\n\t\t\t\t<\/div>\n\t\t","protected":false},"excerpt":{"rendered":"<p>De la passion de la guitare \u00e0 la r\u00e9alisation, chaque \u00e9tape de mon parcours m\u2019a appris \u00e0 \u00e9couter et \u00e0 chercher le son juste \u2014 celui qui me touche avant tout, et que j\u2019aime partager. Guid\u00e9 par la la curiosit\u00e9, j\u2019avance de projet en projet avec l&#8217;envie de cr\u00e9er une musique sinc\u00e8re, qui parle d\u2019elle-m\u00eame [&hellip;]<\/p>\n","protected":false},"author":1,"featured_media":0,"parent":0,"menu_order":0,"comment_status":"closed","ping_status":"closed","template":"","meta":{"slim_seo":{"title":"Nicolas Richard - Compositeur R\u00e9alisateur Guitariste","description":"De la passion de la guitare \u00e0 la r\u00e9alisation, chaque \u00e9tape de mon parcours m\u2019a appris \u00e0 \u00e9couter et \u00e0 chercher le son juste \u2014 celui qui me touche avant tout, et"},"footnotes":""},"class_list":["post-1122","page","type-page","status-publish","hentry"],"_links":{"self":[{"href":"https:\/\/nicolasrichard.com\/index.php\/wp-json\/wp\/v2\/pages\/1122","targetHints":{"allow":["GET"]}}],"collection":[{"href":"https:\/\/nicolasrichard.com\/index.php\/wp-json\/wp\/v2\/pages"}],"about":[{"href":"https:\/\/nicolasrichard.com\/index.php\/wp-json\/wp\/v2\/types\/page"}],"author":[{"embeddable":true,"href":"https:\/\/nicolasrichard.com\/index.php\/wp-json\/wp\/v2\/users\/1"}],"replies":[{"embeddable":true,"href":"https:\/\/nicolasrichard.com\/index.php\/wp-json\/wp\/v2\/comments?post=1122"}],"version-history":[{"count":262,"href":"https:\/\/nicolasrichard.com\/index.php\/wp-json\/wp\/v2\/pages\/1122\/revisions"}],"predecessor-version":[{"id":1999,"href":"https:\/\/nicolasrichard.com\/index.php\/wp-json\/wp\/v2\/pages\/1122\/revisions\/1999"}],"wp:attachment":[{"href":"https:\/\/nicolasrichard.com\/index.php\/wp-json\/wp\/v2\/media?parent=1122"}],"curies":[{"name":"wp","href":"https:\/\/api.w.org\/{rel}","templated":true}]}}